True
Is 126 a factor of 224?
False
Is 103 a factor of 28689?
False
Is 29 a factor of 540?
False
Does 14 divide 462?
True
Is 29 a factor of 452?
False
Is 1908 a multiple of 36?
True
Does 3 divide 150?
True
Is 6786 a multiple of 7?
False
Is 1008 a multiple of 84?
True
Does 4 divide 175?
False
Is 24 a multiple of 3?
True
Is 264 a multiple of 12?
True
Is 22991 a multiple of 230?
False
Is 114 a factor of 1802?
False
Is 24 a factor of 6309?
False
Is 30551 a multiple of 18?
False
Is 73 a factor of 18640?
False
Does 41 divide 3280?
True
Is 10 a factor of 99?
False
Is 42 a factor of 1722?
True
Does 33 divide 9279?
False
Is 444 a multiple of 6?
True
Is 106 a factor of 1590?
True
Is 295 a factor of 51711?
False
Does 55 divide 17887?
False
Does 6 divide 38649?
False
Is 524 a multiple of 20?
False
Is 17735 a multiple of 155?
False
Is 64064 a multiple of 176?
True
Is 78 a factor of 9022?
False
Is 6 a factor of 1976?
False
Is 9 a factor of 5868?
True
Does 14 divide 42?
True
Is 91 a factor of 3276?
True
Is 7 a factor of 20573?
True
Is 60 a factor of 960?
True
Is 3 a factor of 591?
True
Is 195 a multiple of 5?
True
Is 18 a factor of 216?
True
Is 2232 a multiple of 12?
True
Is 59 a factor of 7844?
False
Is 1296 a multiple of 48?
True
Is 3501 a multiple of 14?
False
Does 109 divide 59187?
True
Is 9723 a multiple of 19?
False
Does 2 divide 386?
True
Does 45 divide 225?
True
Is 11890 a multiple of 29?
True
Is 813 a multiple of 5?
False
Is 12 a factor of 195?
False
Is 3 a factor of 411?
True
Is 1196 a multiple of 18?
False
Does 10 divide 70?
True
Is 2380 a multiple of 17?
True
Is 7811 a multiple of 107?
True
Does 17 divide 1110?
False
Does 23 divide 1981?
False
Does 28 divide 1017?
False
Is 47 a factor of 1551?
True
Does 36 divide 3045?
False
Is 6594 a multiple of 157?
True
Is 40991 a multiple of 230?
False
Is 81828 a multiple of 42?
False
Does 13 divide 19318?
True
Does 71 divide 18084?
False
Does 97 divide 19400?
True
Is 43 a factor of 7611?
True
Is 8584 a multiple of 29?
True
Is 12615 a multiple of 6?
False
Is 77 a factor of 53882?
False
Is 63 a factor of 630?
True
Is 1334 a multiple of 13?
False
Does 23 divide 44569?
False
Is 1064 a multiple of 14?
True
Is 36 a factor of 240?
False
Does 6 divide 156?
True
Is 56 a factor of 20722?
False
Is 77 a factor of 438?
False
Is 4 a factor of 508?
True
Does 108 divide 15502?
False
Does 10 divide 2397?
False
Is 60 a factor of 4020?
True
Does 5 divide 515?
True
Is 285 a factor of 62415?
True
Is 24262 a multiple of 30?
False
Does 13 divide 557?
False
Is 270 a multiple of 15?
True
Is 9062 a multiple of 98?
False
Does 11 divide 1838?
False
Is 5950 a multiple of 34?
True
Does 6 divide 18?
True
Is 82 a factor of 1066?
True
Is 58330 a multiple of 19?
True
Is 5890 a multiple of 62?
True
Is 1728 a multiple of 10?
False
Is 26 a factor of 728?
True
Does 14 divide 80500?
True
Does 15 divide 1050?
True
Does 14 divide 2281?
False
Is 15 a factor of 3530?
False
Is 131 a factor of 7674?
False
Is 2 a factor of 972?
True
Is 813 even?
False
Is 71 a factor of 19312?
True
Is 147 a factor of 7027?
False
Is 25 a factor of 5465?
False
Is 19 a factor of 15962?
False
Does 68 divide 748?
True
Does 77 divide 8855?
True
Is 162 a factor of 1620?
True
Does 148 divide 22526?
False
Is 10332 a multiple of 32?
False
Is 114 a factor of 2721?
False
Is 29 a factor of 9454?
True
Is 10 a factor of 2511?
False
Is 13698 a multiple of 142?
False
Does 158 divide 2054?
True
Is 720 a multiple of 6?
True
Does 168 divide 5641?
False
Does 79 divide 948?
True
Does 122 divide 10980?
True
Does 69 divide 25487?
False
Does 63 divide 19621?
False
Is 355 a multiple of 71?
True
Does 6 divide 1386?
True
Does 10 divide 656?
False
Is 3 a factor of 9010?
False
Does 14 divide 3853?
False
Is 42 a factor of 43580?
False
Is 108 even?
True
Is 9 a factor of 10982?
False
Is 11119 a multiple of 25?
False
Does 6 divide 18068?
False
Does 94 divide 7679?
False
Does 8 divide 1091?
False
Does 12 divide 4068?
True
Does 7 divide 470?
False
Does 21 divide 186?
False
Is 35 a factor of 877?
False
Is 33 a factor of 8064?
False
Is 48 a multiple of 4?
True
Does 10 divide 32210?
True
Does 15 divide 505?
False
Is 48 a factor of 2061?
False
Is 5967 a multiple of 117?
True
Does 48 divide 288?
True
Does 4 divide 1483?
False
Is 33 a factor of 1881?
True
Is 11 a factor of 4014?
False
Is 15 a factor of 300?
True
Is 55 a factor of 95403?
False
Is 53 a factor of 3180?
True
Does 21 divide 357?
True
Is 20410 a multiple of 130?
True
Is 168 a multiple of 24?
True
Is 156 a multiple of 8?
False
Is 15301 a multiple of 11?
True
Does 25 divide 1425?
True
Does 27 divide 6102?
True
Is 3 a factor of 1974?
True
Is 2650 a multiple of 25?
True
Is 131 a factor of 24781?
False
Is 35 a factor of 842?
False
Does 79 divide 2726?
False
Is 1097 a multiple of 22?
False
Is 58 a factor of 696?
True
Is 6 a factor of 1482?
True
Is 17196 a multiple of 11?
False
Is 1024 a multiple of 32?
True
Is 1385 a multiple of 2?
False
Is 7698 a multiple of 8?
False
Is 57 a factor of 3705?
True
Is 17 a factor of 72870?
False
Is 21 a factor of 1323?
True
Is 5543 a multiple of 20?
False
Is 2200 a multiple of 11?
True
Does 21 divide 3021?
False
Does 45 divide 13590?
True
Is 20384 a multiple of 104?
True
Does 106 divide 4717?
False
Does 26 divide 780?
True
Is 8 a factor of 29?
False
Is 2199 a multiple of 45?
False
Does 40 divide 1980?
False
Is 741 a multiple of 12?
False
Is 692 a multiple of 35?
False
Does 4 divide 840?
True
Does 59 divide 17523?
True
Is 248 a multiple of 8?
True
Is 3 a factor of 5800?
False
Does 67 divide 7703?
False
Does 21 divide 36792?
True
Does 11 divide 648?
False
Does 17 divide 1702?
False
Does 30 divide 59927?
False
Does 95 divide 475?
True
Does 20 divide 4128?
False
Does 12 divide 13104?
True
Does 3 divide 653?
False
Does 149 divide 15512?
False
Is 5 a factor of 1815?
True
Is 44982 a multiple of 49?
True
Does 8 divide 8733?
False
Is 90 a multiple of 2?
True
Is 32012 a multiple of 53?
True
Is 2466 even?
True
Is 24 a factor of 698?
False
Does 31 divide 1054?
True
Does 8 divide 3280?
True
Does 22 divide 1571?
False
Does 7 divide 24171?
True
Does 110 divide 33220?
True
Does 12 divide 72?
True
Does 11 divide 108980?
False
Is 13 a factor of 26715?
True
Does 14 divide 316?
False
Is 5287 a multiple of 11?
False
Is 49 a factor of 882?
True
Is 4687 a multiple of 39?
False
Is 98 a factor of 326?
False
Does 23 divide 12995?
True
Does 33 divide 15296?
False
Is 87 a factor of 15225?
True
Is 1375 a multiple of 22?
False
Is 97 a multiple of 22?
False
Is 16 a factor of 253?
False
Is 5 a factor of 5625?
True
Does 36 divide 25660?
False
Is 14 a factor of 6104?
True
Is 46 a factor of 108?
False
Is 5010 a multiple of 112?
False
Is 13440 a multiple of 76?
False
Does 318 divide 6993?
False
Does 34 divide 51326?
False
Is 20 a factor of 6200?
True
Does 69 divide 483?
True
Is 36 a factor of 612?
True
Does 2 divide 500?
True
Does 47 divide 683?
False
Is 6 a factor of 378?
True
Does 131 divide 23318?
True
Is 352 a factor of 38368?
True
Is 2436 a multiple of 42?
True
Is 15 a factor of 13346?
False
Is 9390 a multiple of 123?
False
Does 157 divide 29202?
True
Does 11 divide 38625?
False
Is 50 a factor of 4607?
False
Does 25 divide 834?
False
Is 13 a factor of 2977?
True
Is 3 a factor of 8880?
True
Does 23 divide 9131?
True
Is 1888 a multiple of 23?
False
Does 38 divide 30970?
True
Is 3417 a multiple of 17?
True
Is 71868 a multiple of 68?
False
Is 39 a factor of 1326?
True
Is 127 a factor of 8382?
True
Is 29 a factor of 2811?
False
Is 7 a factor of 789?
False
Is 29 a factor of 17139?
True
Is 2756 a multiple of 53?
True
Is 133 a multiple of 11?
False
Does 26 divide 15048?
False
Is 3200 a multiple of 32?
True
Is 8 a factor of 39?
False
Is 21 a multiple of 10?
False
Is 4512 a multiple of 24?
True
Is 3085 a multiple of 9?
False
Is 910 a multiple of 2?
True
Is 14 a factor of 1386?
True
Is 13 a factor of 311?
False
Is 19 a factor of 1425?
True
Is 17480 a multiple of 10?
True
Does 33 divide 5319?
False
Is 1126 a multiple of 11?
False
Does 95 divide 3420?
True
Does 24 divide 3106?
False
Does 139 divide 34304?
False
Is 207 a multiple of 9?
True
Does 85 divide 2057?
False
Is 89 a factor of 1220?
False
Does 91 divide 37128?
True
Is 1245 a multiple of 3?
True
Is 57 a facto